d by m(-3).
30
Let k(q) = 9*q - 4. What is the remainder when k(9) is divided by 5?
2
What is the remainder when 344 is divided by (17 - -1)/(-13 + 330/25)?
74
Let i(g) = g**2 - 5*g - 1. Let n(o) = o**3 - 11*o**2 + 9*o + 14. Let r be n(10). Let y be r/(-1) + (2 - 2). Calculate the remainder when i(y) is divided by 19.
16
Calculate the remainder when 81 is divided by (160/70)/(3/21).
1
What is the remainder when 165 is divided by (-24)/(-2)*(-6)/18*-7?
25
Let l(u) = 59*u**2 - 2*u + 1. Let y be l(1). Suppose -3*h + 2*s = -0*h + 98, -4*h - 3*s - 142 = 0. Let g = h + y. What is the remainder when 93 is divided by g?
21
Suppose 0*p + 4*p = 88. Suppose -4*w + p + 50 = 0. What is the remainder when 159 is divided by w?
15
Suppose -4*g + 28 = -40. Let f(q) = -q - 3. Let j be f(-9). Calculate the remainder when g is divided by (j/(-4))/((-12)/80).
7
Let v = -58 + 88. Let c = -5375 + 5392. What is the remainder when v is divided by c?
13
Let h(x) = -x**2 - 7*x + 127. What is the remainder when h(-14) is divided by 11?
7
Suppose 5*j - 18 = 3*j + 5*y, 2*j + y - 6 = 0. Suppose 4*s - 328 = j*w, 0 = s - 2*s + 4*w + 82. What is the remainder when s is divided by 17?
14
Let b = 33 + -19. Let d(f) = -3*f + 2. Suppose -4*c + 8*c = -8. What is the remainder when b is divided by d(c)?
6
Suppose 2*k - 88 = 5*y, 3*k - 114 = -0*y + 3*y. Suppose -4*u + 420 = 6*n - 2*n, -4*u = -n + 80. Let o = n + -82. What is the remainder when k is divided by o?
16
Suppose -2*z + 204 = -82. Let t = 232 + -196. Calculate the remainder when z is divided by t.
35
Let z(x) = 7*x - 3. Let v be z(6). Suppose 0 = u + 2 - 4. Suppose 3*m - v + 12 = 3*w, w = -u*m + 18. What is the remainder when 34 is divided by m?
7
Let y = 123 - 84. What is the remainder when y is divided by 8?
7
Let h be 4/18 - (-5698)/(-126). Let m(w) = -w**2 + 6*w + 5. Calculate the remainder when m(6) is divided by h/(-10) - (-1)/(-2).
1
Suppose -i - 3*l + 325 = -l, -5*l - 1274 = -4*i. Calculate the remainder when i is divided by 46.
45
Suppose 2*d = 74 - 42. Suppose -5*u = -507 - 643. Suppose -2*h - 3*h = -u. What is the remainder when h is divided by d?
14
Let d(f) be the second derivative of -1/3*f**3 + 5*f + 0 - f**2 + 1/4*f**4. What is the remainder when d(4) is divided by 13?
12
Suppose 4*d = -4*x + 43 - 111, 14 = -d - 4*x. Let g = -18 - d. Suppose 4*f - 12 - 36 = g. Calculate the remainder when f is divided by 8.
4
Let g = 803 - 793. Suppose 5*x - 41 = -11. Calculate the remainder when g is divided by x.
4
Let n = 5 + 21. Let i be 2 + (-16)/4 + 3. Let w = 15 - i. What is the remainder when n is divided by w?
12
Let l = -6 - -65. Let q(h) = -3*h**2 - 69*h + 10. Calculate the remainder when l is divided by q(-23).
9
Let x(i) = -94*i - 29. Let d be x(-4). Calculate the remainder when 72/(-96) - d/(-4) is divided by 44.
42
Suppose 4*t + 1687 = 11*t. Suppose 12 = 3*h - 3, -j + 5*h = -2. Calculate the remainder when t is divided by j.
25
Let s = 3 - -7. Suppose -25 = -2*q - 3*r + 29, -5*q + 148 = r. Let j = q + -1. Calculate the remainder when j is divided by s.
9
Let l(x) be the second derivative of x**4/12 + 5*x**3/6 - 21*x**2/2 - 11*x. What is the remainder when l(-9) is divided by 4?
3
Suppose 13*h - 11*h = 10. Suppose -57 = -g + h*i, 0 = -g + 4*g - 2*i - 106. Let p(l) = -l**2 - 7*l + 1. Calculate the remainder when g is divided by p(-5).
10
Suppose -3 = -f - 2*f - 2*j, 5*j = -5*f. Suppose 3 = d - f*x - 6, d - 15 = -3*x. Calculate the remainder when 20 is divided by d.
8
Suppose 3*g + 3*t + 0*t - 1017 = 0, -2*g + 4*t + 702 = 0. Calculate the remainder when g is divided by 3.
1
Let q be (-6 - -6)/(-1 - -3). Suppose 0*i = 5*s + 5*i - 170, q = 3*s + i - 102. Calculate the remainder when ((-5)/(-5))/(-1*(-3)/195) is divided by s.
31
What is the remainder when 129 is divided by 1104/(-12)*(-3)/12*2?
37
Let p be ((-7884)/90)/((-3)/10). Calculate the remainder when 74 is divided by 4/10 + p/20.
14
Suppose -5*b = 2*b + 553. Let r = -54 - b. What is the remainder when 2 + 7/(28/184) is divided by r?
23
Suppose -b + 10 = n, b - 92 + 89 = 0. Suppose 0 = -4*q - 5*x + 35, -5*q + 49 = 2*x - x. What is the remainder when q is divided by n?
3
Suppose 3*q - 10 + 1 = 0, g = -2*q + 120. Calculate the remainder when g is divided by 8.
2
Let o = -37 + 123. What is the remainder when o is divided by (-3)/((-84)/404) - (-8)/14?
11
Suppose -2*p = -7*p. Suppose p = 5*t + 1 - 11. Let z(n) = -2*n - 2. What is the remainder when z(-3) is divided by t?
0
Suppose -6*q + q - 5 = 0, -5*q - 1685 = -2*m. Suppose -5*o = 2*u - m, 3*o = -8*u + 3*u + 504. Calculate the remainder when o is divided by 13.
12
Let q be 35 - (2 - (-3)/(-1)). Suppose -p + 45 = q. Calculate the remainder when 24 is divided by p.
6
Let b = 25 - -1. Calculate the remainder when 363 is divided by b.
25
Suppose n = -2*n + 15, -5*n + 187 = 3*x. What is the remainder when x is divided by 16?
6
Let a = 1363 + -1285. Calculate the remainder when a is divided by 46.
32
Let h be (-6)/9*(-4 - 1444/8). Let g = -104 + h. What is the remainder when 55 is divided by g?
17
Let l(b) = 133*b - 788. Calculate the remainder when l(12) is divided by 74.
68
Suppose 3*x - 176 = -38. What is the remainder when 133 is divided by x?
41
Let j = 1660 - 1390. What is the remainder when j is divided by 46?
40
Let i(q) = 3*q**2 - 6*q + 7. Suppose 1 = b - v, 0*v = 2*b - 3*v. Calculate the remainder when 45 is divided by i(b).
13
Let k(b) = b**3 + 3*b**2 - 4. Let a be k(-2). Suppose -3*d - d - 1 = -s, a = s + d - 11. Calculate the remainder when 53 is divided by s.
8
What is the remainder when ((-3)/(-12)*2)/((-32)/(-2944)) is divided by 9?
1
Let x(y) = -13*y + 5 + y**2 + 8*y + 4*y**2 + y**3. Let g be x(-6). What is the remainder when 61 is divided by 19 - g/(4/8)?
19
Suppose 0 = -3*m - 2*p + 75, -75 = -5*m - 5*p + 55. Calculate the remainder when (-8 - 56/(-7)) + 4*m is divided by 1 + 30 + (-1 - -1).
30
Let g(r) = 4*r + 5. Suppose 4*p - 27 = -p - 3*z, 0 = 5*z - 20. Suppose 61 = p*n - 59. Calculate the remainder when n is divided by g(4).
19
Let p(g) = 15*g**3 - g**2. Let l = 10 + -9. Let r be p(l). Suppose -4*u + 10 = -t, -3*t + 2*t + 5*u - r = 0. What is the remainder when 11 is divided by t?
5
Calculate the remainder when ((-30160)/(-17) - 110/935)/1 is divided by 148.
146
Suppose -5*c - 3*u = -2*u - 503, 0 = 3*c + 4*u - 295. Let m = 116 - c. What is the remainder when 104 is divided by m?
14
Suppose 2*j + 2*r = 4*j - 30, 3*r - 55 = -2*j. Let n = -11 + -29. What is the remainder when (-2)/8 + (-3130)/n is divided by j?
18
Let f(g) = -43*g**3 - g**2 - 2*g. Let w(z) = -z**2 + 9*z - 15. Let u be w(7). What is the remainder when f(u) is divided by 15?
14
Suppose 6*w - 3*g = 3*w + 141, -5*w + 3*g = -233. What is the remainder when w is divided by -12 - (-48 + 29) - (-1 + -4)?
10
Suppose -3*x + 1000 = -11*x. Let o = x - -135. Calculate the remainder when 19 is divided by o.
9
What is the remainder when 260 is divided by (26 + -2)*2/4?
8
Suppose -17*y = -22*y - 4*x + 356, -140 = -2*y - x. Suppose 3*g = -3*m + 35 + 7, 5*g + 10 = 3*m. Calculate the remainder when y is divided by m.
8
Let u be (3 + (-14 - -1))*1. Let o = -6 - u. Let w(l) = -4*l - 39. Calculate the remainder when w(-12) is divided by o.
1
Let p(t) = 8*t**2 + 34*t + 11. Calculate the remainder when 117 is divided by p(-5).
35
Suppose -2*x = 3*x + 5. Calculate the remainder when x - 360/(-1 - 4) is divided by 15.
11
Let h(r) = -5*r - 10. Suppose -4*c - 5*c + 9 = 0. What is the remainder when 0 + 76 + c*(0 - 3) is divided by h(-7)?
23
Suppose 3*f = -0*f + o + 5, -1 = 5*f - 4*o. Suppose -2*w - 30 = -3*q + w, f*w = -q + 6. Let x = 84 + -50. What is the remainder when x is divided by q?
7
Suppose 2*s = -14 + 62. Let g be 14/4*s/(-12). Let z = 38 + g. What is the remainder when z is divided by 8?
7
What is the remainder when ((-4)/(-6))/(40/1740) is divided by 2?
1
Let p(x) = -47*x + 267. Let o(h) = -2*h**3 + h**2 + 4*h - 3. Calculate the remainder when o(-4) is divided by p(5).
29
Let r(i) = -i**3 + 12*i**2 + 16*i - 34. Let o be r(13). Calculate the remainder when 1/o + 84/15*28 is divided by 16.
13
Let b = 8 + -6. Let c be (-54)/8*-4 - (-1)/(-1). Suppose 0*f - c = -b*f. What is the remainder when f is divided by 5?
3
Suppose -2*z + 14 = 2*w - 24, -4 